{"id":3737,"date":"2016-06-02T09:17:53","date_gmt":"2016-06-02T08:17:53","guid":{"rendered":"http:\/\/www.tokajiirotabor.hu\/?page_id=3737"},"modified":"2016-06-12T12:39:29","modified_gmt":"2016-06-12T11:39:29","slug":"rolunk","status":"publish","type":"page","link":"https:\/\/tokajiirotabor.hu\/irotabor_archiv\/rolunk\/","title":{"rendered":"R\u00f3lunk"},"content":{"rendered":"<p><img loading=\"lazy\" decoding=\"async\" class=\"wp-image-3675 alignleft\" src=\"http:\/\/www.tokajiirotabor.hu\/wp-content\/uploads\/2016\/05\/tokaji_irotabor_600_275.jpg\" alt=\"tokaji_irotabor_600_275\" width=\"372\" height=\"171\" srcset=\"https:\/\/tokajiirotabor.hu\/irotabor_archiv\/wp-content\/uploads\/2016\/05\/tokaji_irotabor_600_275.jpg 600w, https:\/\/tokajiirotabor.hu\/irotabor_archiv\/wp-content\/uploads\/2016\/05\/tokaji_irotabor_600_275-300x138.jpg 300w\" sizes=\"(max-width: 372px) 100vw, 372px\" \/><\/p>\n<p><strong>A Tokaji \u00cdr\u00f3t\u00e1bor t\u00f6rt\u00e9nete<\/strong><\/p>\n<p>A Tokaji \u00cdr\u00f3t\u00e1bor t\u00f6bb \u00e9vtizede a magyar irodalmi \u00e9let egyik legfontosabb rendezv\u00e9nye.<\/p>\n<p>A k\u00f6zel negyven\u00e9ves m\u00falttal rendelkez\u0151 \u00edr\u00f3t\u00e1borr\u00f3l az Irodalmi Lexikonban ez olvashat\u00f3:<\/p>\n<p style=\"text-align: justify;\">\u201eA Tokaji \u00cdr\u00f3t\u00e1bor 1972 \u00f3ta Tokajban megrendezett ny\u00e1ri \u00edr\u00f3tal\u00e1lkoz\u00f3. K\u00e9s\u0151bb, mint a magyar \u00edr\u00f3k civilt\u00e1rsadalmi f\u00f3ruma m\u0171k\u00f6dik leg\u00e1lis keretek k\u00f6z\u00f6tt. 1989 el\u0151tt a kritikus \u00e9rtelmis\u00e9gi gondolkod\u00e1s egyik fontos, a region\u00e1lis kereteken is t\u00falmutat\u00f3 \u201eint\u00e9zm\u00e9nye\u201d volt. Tan\u00e1cskoz\u00e1sain az irodalom, a k\u00f6z\u00e9let \u00e9s a politika legfontosabb k\u00e9rd\u00e9seit vitatt\u00e1k meg. Ellenz\u00e9kis\u00e9ge miatt 1987-ben elmaradt a rendezv\u00e9ny. Az \u00edr\u00f3t\u00e1bor 1990-t\u0151l egyes\u00fcletk\u00e9nt m\u0171k\u00f6dik.\u201d Id\u0151szaki sz\u00e9khelye a nagy t\u00f6rt\u00e9nelmi m\u00falttal rendelkez\u0151 \u00e9s a vil\u00e1g\u00f6r\u00f6ks\u00e9g r\u00e9sz\u00e9v\u00e9 v\u00e1lt Tokaj v\u00e1ros. A szervezet ir\u00e1ny\u00edt\u00e1sa, az \u00edr\u00f3t\u00e1borok szervez\u00e9se Borsod-Aba\u00faj-Zempl\u00e9n megye sz\u00e9khely\u00e9r\u0151l, Miskolcr\u00f3l t\u00f6rt\u00e9nik, szer\u00e9ny infrastrukt\u00far\u00e1val \u00e9s kev\u00e9s int\u00e9zm\u00e9nyi h\u00e1tt\u00e9rrel.<\/p>\n<p style=\"text-align: justify;\">A Tokaji \u00cdr\u00f3t\u00e1bor keletkez\u00e9se a felel\u0151s irodalmi gondolkod\u00e1s \u00e9s a t\u00e1rsadalom k\u00f6lcs\u00f6nhat\u00e1sa sok \u00e9vtizedes hi\u00e1ny\u00e1val, majd ellent\u00e9tes \u00e9rv\u00e9nyes\u00fcl\u00e9s\u00e9vel magyar\u00e1zhat\u00f3. 1972-ben, a megye irodalmi foly\u00f3irat\u00e1nak (Napjaink) 1o. \u00e9v\u00e9ben rendezt\u00e9k meg az els\u0151 \u00edr\u00f3t\u00e1bort, a Hazafias N\u00e9pfront szervez\u00e9s\u00e9ben, a Megyei Tan\u00e1cs anyagi t\u00e1mogat\u00e1s\u00e1val. Kezdetben csak az itt \u00e9l\u0151 \u00e9s a megy\u00e9b\u0151l elsz\u00e1rmazott \u00edr\u00f3kat h\u00edvt\u00e1k meg. A megnyit\u00f3ra \u2013 a h\u00e1bor\u00fa el\u0151tti \u00edr\u00f3-paraszt tal\u00e1lkoz\u00f3k ok\u00e1n &#8211; Tiszalad\u00e1nyban, a tan\u00e1cskoz\u00e1sra \u2013 amely akkor 5-6 napos volt \u2013 Tokajban ker\u00fclt sor. A program az els\u0151 t\u00edz \u00e9vben mindig megyel\u00e1togat\u00e1ssal fejez\u0151d\u00f6tt be. Ebben az id\u0151szakban az eszm\u00e9k nem az egyenjog\u00fas\u00e1g jegy\u00e9ben m\u00e9rt\u00e9k \u00f6ssze igazs\u00e1gaikat, a vita nem a gondolatszabads\u00e1g jegy\u00e9ben zajlott. Emiatt az \u00edr\u00f3k sz\u00e1m\u00e1ra sz\u0171k mozg\u00e1st\u00e9r maradt. A Tokaji \u00cdr\u00f3t\u00e1bor els\u0151 korszak\u00e1ban a hallgat\u00e1s helyett a sz\u0171k\u00edt\u0151 viszonylagoss\u00e1got v\u00e1llalta, de a teljes igazs\u00e1g lehet\u0151s\u00e9g\u00e9t sem adta fel. A tan\u00e1cskoz\u00e1sok t\u00e1rgy\u00e1t a hatalmi c\u00e9lok alapozt\u00e1k meg, de a vita eszmei hat\u00e1rait szabadon alak\u00edthatt\u00e1k. \u00c9vr\u0151l \u00e9vre, fokozatosan tudta a tokaji vita megingatni a politikai c\u00e9lk\u00e9pzeteket, kikezdve azok hiteless\u00e9g\u00e9t. Ny\u00edlt szellemi k\u00fczdelem folyt \u00e9s v\u00e9g\u00fcl a felel\u0151s irodalmi gondolkod\u00e1s igazs\u00e1ga gy\u0151z\u00f6tt. Az \u00edr\u00f3t\u00e1bor a kezdeti bizonytalans\u00e1g ut\u00e1n fokozatosan r\u00e1tal\u00e1lt saj\u00e1t szerep\u00e9re \u00e9s gy\u00f6keret eresztett. 1972 \u00e9s 1980 k\u00f6z\u00f6tt a t\u00e1rsadalmi r\u00e9tegek \u00e9s jelens\u00e9gek vizsg\u00e1lat\u00e1val, az \u00e9letm\u00f3d alak\u00edt\u00e1s\u00e1nak felt\u00e9teleivel foglalkozott. A b\u00edr\u00e1lat \u00e9s a megold\u00e1si k\u00eds\u00e9rletek m\u00e1ss\u00e1ga bel\u00fcl maradt a l\u00e9tez\u0151 rendszeren, de az \u00fctk\u00f6z\u00e9s mindig k\u00eds\u00e9rtett. \u00d6sszecsap\u00e1sok zajlottak le az apr\u00f3falvak eln\u00e9ptelened\u00e9s\u00e9r\u0151l, a csal\u00e1dpolitik\u00e1r\u00f3l, a munk\u00e1ss\u00e1g \u00e9s az ifj\u00fas\u00e1g \u00e9letk\u00f6r\u00fclm\u00e9nyeir\u0151l, lehet\u0151s\u00e9geir\u0151l. A megyej\u00e1r\u00e1s sor\u00e1n szerzett k\u00f6zvetlen tapasztalatokkal a helyi t\u00e1rsadalom, p\u00e9ld\u00e1ul a k\u00f6zs\u00e9gi, v\u00e1rosi k\u00f6zm\u0171vel\u0151d\u00e9s vizsg\u00e1lat\u00e1t\u00f3l jutottak el az \u00edr\u00f3k a t\u00e1gasabb \u00f6sszef\u00fcgg\u00e9sekig, az itt \u00e9l\u0151k sorsk\u00e9rd\u00e9seinek megismer\u00e9s\u00e9vel, ny\u00edlt elemz\u00e9s\u00e9vel. Tehett\u00e9k, mert ez a megye akkor is egy s\u0171r\u00edtett kis Magyarorsz\u00e1g volt. Az \u00edr\u00f3t\u00e1bor r\u00e9sztvev\u0151i megismert\u00e9k az \u00e9szak \u00e9s kelet magyarorsz\u00e1gi r\u00e9gi\u00f3 irodalmi, m\u0171v\u00e9szeti, t\u00f6rt\u00e9nelmi \u00f6r\u00f6ks\u00e9g\u00e9t, \u00e9rt\u00e9keinek \u00e1pol\u00e1s\u00e1t \u00e9s azok fejleszt\u00e9sre sz\u00e1mos aj\u00e1nl\u00e1st fogalmaztak meg.<\/p>\n<p style=\"text-align: justify;\">A Tokaji \u00cdr\u00f3t\u00e1bor kezdet\u00e9nek t\u00f6rt\u00e9nete a szellemi k\u00f6zpontos\u00edt\u00e1s laz\u00edt\u00e1s\u00e1nak \u00e9s a vid\u00e9ki \u00f6n\u00e1ll\u00f3s\u00e1g er\u0151s\u00edt\u00e9s\u00e9nek folyamat\u00e1ba illeszkedik. J\u00f3 pillanatban indult a Tokaji \u00cdr\u00f3t\u00e1bor, mert m\u00e9g hatott az 1968-as gazdas\u00e1gi reform kiv\u00e1ltotta t\u00e1rsadalmi-k\u00f6z\u00e9leti v\u00e1rakoz\u00e1s. Az \u00edr\u00f3t\u00e1bornak c\u00e9lt \u00e9s tartalmat akkor azok a k\u00e9rd\u00e9sek adtak, amelyek a hetvenes \u00e9vek elej\u00e9n a t\u00e1rsadalmi \u00e9s az irodalmi k\u00f6zv\u00e9lem\u00e9nyt legink\u00e1bb foglalkoztatt\u00e1k. A keletkez\u00e9s k\u00f6r\u00fclm\u00e9nyei persze megszabt\u00e1k az \u00edr\u00f3t\u00e1bor lehets\u00e9ges mozg\u00e1ster\u00e9t \u00e9s a szerep\u00e9t is. Hegyi Imre, Darvas J\u00f3zsef, Guly\u00e1s Mih\u00e1ly \u00e9s m\u00e1sok kezdem\u00e9nyez\u00e9s\u00e9t politikailag a Hazafias N\u00e9pfront t\u00e1mogatta \u00e9s fel\u00fcgyelte. A korl\u00e1tozott lehet\u0151s\u00e9g ellen\u00e9re az \u00edr\u00f3t\u00e1bor egyre ink\u00e1bb olyan k\u00f6z\u00f6ss\u00e9gk\u00e9nt m\u0171k\u00f6d\u00f6tt, amely a szellemi felel\u0151ss\u00e9get \u00e9lesebben \u00e9s er\u00e9lyesebben \u00e9rv\u00e9nyes\u00edthette a hatalommal szemben, mint ahogyan a r\u00e9sztvev\u0151k egyenk\u00e9nt tehett\u00e9k. Az \u00edr\u00f3k \u00e9vr\u0151l-\u00e9vre t\u00e1g\u00edtott\u00e1k a felel\u0151ss\u00e9g, a v\u00e1ltoz\u00f3 akarat, a nyilv\u00e1noss\u00e1g hat\u00e1rait. Az els\u0151 17 \u00e9v t\u00e1rgyk\u00f6reivel a szabads\u00e1g k\u00e9pzet\u00e9t id\u00e9zt\u00e9k fel. \u00dajra fontos lett a titkok felold\u00e1sa, az igazs\u00e1g keres\u00e9se, a nemzeti \u00f6nismeret megszerz\u00e9se, amellyel Tokaj sok-sok birodalmi hazugs\u00e1gnak \u00e9s hamiss\u00e1gnak a fal\u00e1n \u00fct\u00f6tt r\u00e9st. K\u00fcl\u00f6n\u00f6sen 1981 ut\u00e1n \u00e9rv\u00e9nyes\u00fclt ez az er\u0151fesz\u00edt\u00e9s. Ekkor alakult szellemi k\u00f6z\u00f6ss\u00e9gg\u00e9 a tokaji \u00edr\u00f3t\u00e1bor, majd a kicsikart nyilv\u00e1noss\u00e1g seg\u00edts\u00e9g\u00e9vel ellenz\u00e9ki strat\u00e9giai m\u0171helly\u00e9 form\u00e1l\u00f3dott. Tokaj 1981 \u00e9s 1989 k\u00f6z\u00f6tt f\u0151leg az \u00faj nemzettudat \u00e9s a nemzeti felel\u0151ss\u00e9g egyik szellemi k\u00f6zpontj\u00e1nak rangj\u00e1ra emelkedett \u00e9s sz\u00e1mottev\u0151 szerepet t\u00f6lt\u00f6tt be a rendszerv\u00e1lt\u00e1s el\u0151k\u00e9sz\u00edt\u00e9s\u00e9ben. Ez a magyar\u00e1zata, hogy 1987-ben k\u00e9nyszersz\u00fcnetet kellett tartania. 1988-t\u00f3l elindult az \u00edr\u00f3t\u00e1bor \u00f6n\u00e1ll\u00f3sod\u00e1s\u00e1nak a folyamata, amely k\u00e9t \u00e9vig tartott. 1990-ben a n\u00e9pfront-erny\u0151t felv\u00e1ltja egy \u00faj, orsz\u00e1gos hat\u00f3k\u00f6r\u0171 t\u00e1rsadalmi szervezet, a folyamatoss\u00e1got \u00e9s az egyetemess\u00e9get v\u00e1llal\u00f3 \u00e9s az \u00edr\u00f3i \u00f6nkorm\u00e1nyzatis\u00e1got ig\u00e9nyl\u0151 Tokaji \u00cdr\u00f3t\u00e1bor Egyes\u00fclet \u00e9s Alap\u00edtv\u00e1ny.<\/p>\n<p style=\"text-align: justify;\">1989-ben int\u00e9z\u0151bizotts\u00e1g alakult az \u00e1talakul\u00e1s el\u0151k\u00e9sz\u00edt\u00e9s\u00e9re. T\u00f6rt\u00e9nelmi id\u0151k j\u00e1rtak, korfordul\u00f3val \u00e9s szerepv\u00e1ltoz\u00e1ssal. A megyei irodalmi lap ellenezte a v\u00e1ltoz\u00e1st. A Hazafias N\u00e9pfront viszont hozz\u00e1j\u00e1rult a v\u00e1ltoztat\u00e1sokhoz. El\u0151bb az alap\u00edtv\u00e1ny (1990. \u00e1prilis 3.) majd az egyes\u00fclet is megalakult. B\u00edr\u00f3s\u00e1gi bejegyz\u00e9s\u00e9re 1990. december 17-\u00e9n ker\u00fcl sor. 1991. febru\u00e1rj\u00e1ban megalakul a Tokaji \u00cdr\u00f3t\u00e1bor kurat\u00f3riuma. Az alap\u00edt\u00f3 tagok k\u00f6z\u00fcl 6-f\u0151 ma is tagja az ir\u00e1ny\u00edt\u00f3 test\u00fcletnek. A tokaji fordulat \u2013 Zimonyi Zolt\u00e1n irodalomt\u00f6rt\u00e9n\u00e9sz ir\u00e1ny\u00edt\u00e1s\u00e1val &#8211; sikeres volt. Az \u00faj alapszab\u00e1ly jelent\u0151s v\u00e1ltoztat\u00e1sokat tartalmazott illetve eredm\u00e9nyezett. Az \u00edr\u00f3t\u00e1borok megrendez\u00e9s\u00e9nek folyamatoss\u00e1g\u00e1t 1990 ut\u00e1n siker\u00fclt mind a mai napig fenntartani. Az ir\u00e1ny\u00edt\u00f3 szervezetbe a legjelent\u0151sebb irodalmi szervezetek deleg\u00e1ltak, v\u00e1lasztottak kur\u00e1torokat. Az \u00edr\u00f3t\u00e1bor nemzetk\u00f6zi jelleget kapott. Megold\u00f3dott a K\u00e1rp\u00e1t-medencei magyars\u00e1g k\u00e9pviselete, amelynek egyik kiemelked\u0151 \u00e1llom\u00e1sa \u00e9ppen a 2010. \u00e9vi \u00edr\u00f3t\u00e1bor, amikor els\u0151 alkalommal valamennyi el\u0151ad\u00f3 hat\u00e1ron t\u00falr\u00f3l \u00e9rkezik Tokajba.<br \/>\nAz els\u0151 17-\u00e9vben az \u00edr\u00f3t\u00e1bor sz\u00f3viv\u0151j\u00e9nek Fekete Gyul\u00e1t tekinthetj\u00fck. 1990 ut\u00e1n kurat\u00f3riumi eln\u00f6k volt Cseres Tibor, Pomog\u00e1ts B\u00e9la, G\u00e1l S\u00e1ndor (Kassa), Hubay Mikl\u00f3s, Sz\u00e9kelyhidi \u00c1goston, Vasy G\u00e9za, Serf\u0151z\u0151 Simon. A jelenlegi eln\u00f6k Mezey Katalin k\u00f6lt\u0151, \u00edr\u00f3. Az \u00edr\u00f3t\u00e1bor szervez\u00e9s\u00e9t kezdett\u0151l S\u00e1ray L\u00e1szl\u00f3 l\u00e1tja el. 1994-t\u0151l, mint a kurat\u00f3rium v\u00e1lasztott titk\u00e1ra, illetve az egyes\u00fclet k\u00e9pvisel\u0151je.<\/p>\n<p style=\"text-align: justify;\">1990 \u00e9s 2010 k\u00f6z\u00f6tt t\u00f6bb ezren fordultak meg a Tokaji \u00edr\u00f3t\u00e1borban. \u00c9vek \u00f3ta 200-f\u0151 feletti az \u00e9rdekl\u0151d\u00e9s. Vonzereje alapj\u00e1n orsz\u00e1gos \u00e9s nemzetk\u00f6zi jelent\u0151s\u00e9g\u0171 az \u00edr\u00f3t\u00e1bor. Nyilv\u00e1noss\u00e1g\u00e1t szolg\u00e1lja az eddig megjelent 19 k\u00f6tet \u00e9vk\u00f6nyv \u00e9s \u00fajs\u00e1g. Az egyes\u00fclet m\u00e1s \u00f6n\u00e1ll\u00f3 kiadv\u00e1nyt, elemz\u00e9st \u00e9s k\u00e9pes kr\u00f3nik\u00e1t is jegyez.<\/p>\n<p style=\"text-align: justify;\">A szervezet \u00f6n\u00e1ll\u00f3s\u00e1g\u00e1nak megtart\u00e1s\u00e1val j\u00f3 egy\u00fcttm\u0171k\u00f6d\u00e9st alak\u00edtott ki a tokaji, a megyei \u00e9s az orsz\u00e1gos szervezetekkel. Az elm\u00falt ciklusban tartalmi \u00e9s formai v\u00e1ltoz\u00e1sok t\u00f6rt\u00e9ntek az \u00edr\u00f3t\u00e1bor megrendez\u00e9s\u00e9ben. A tal\u00e1lkoz\u00f3 \u00e9s a tan\u00e1cskoz\u00e1s jelleg megtart\u00e1sa mellett sz\u00e1mos kieg\u00e9sz\u00edt\u0151 rendezv\u00e9ny gazdag\u00edtja az augusztusi nagyrendezv\u00e9nyt. A p\u00e1ly\u00e1zati rendszer folyamatos v\u00e1ltoztat\u00e1sa, a kult\u00fara finansz\u00edroz\u00e1s sz\u0171k\u00fcl\u0151 kerete azonban kedvez\u0151tlen\u00fcl \u00e9rintette a t\u00e1rsadalmi szervezetet, amely v\u00e1llalkoz\u00e1s hi\u00e1ny\u00e1ban csak p\u00e1ly\u00e1zattokkal tudja fenntartani m\u0171k\u00f6d\u00e9s\u00e9t.<\/p>\n<p style=\"text-align: justify;\">A Tokaji \u00cdr\u00f3t\u00e1bor Egyes\u00fclet a vissza-visszat\u00e9r\u0151 neh\u00e9zs\u00e9gek ellen\u00e9re m\u00e1r a jubileumi \u00edr\u00f3t\u00e1bor megrendez\u00e9s\u00e9re is gondol. Meg\u00faj\u00edtott kurat\u00f3rium feladata lesz a 40. tal\u00e1lkoz\u00f3 el\u0151k\u00e9sz\u00edt\u00e9se \u00e9s lebonyol\u00edt\u00e1sa. Ki\u00e1ll\u00edt\u00e1s, fot\u00f3-album, honlap m\u0171k\u00f6dtet\u00e9s szerepel a tervekben. Az \u00edr\u00f3t\u00e1bori tan\u00e1cskoz\u00e1sok digitaliz\u00e1lt v\u00e1ltozata v\u00e1lik hozz\u00e1f\u00e9rhet\u0151v\u00e9, kutathat\u00f3v\u00e1. A forr\u00e1sanyag n\u00e9gy \u00e9vtized megye-\u00e9s orsz\u00e1g t\u00f6rt\u00e9net\u00e9nek gazdag\u00edt\u00e1s\u00e1hoz j\u00e1rulhat hozz\u00e1. Ezt megel\u0151z\u0151en, az \u00edr\u00f3t\u00e1bor szervezeti, adminisztrat\u00edv munk\u00e1j\u00e1nak korszer\u0171s\u00edt\u00e9s\u00e9re, fejleszt\u00e9s\u00e9re is sz\u00fcks\u00e9g van, mind Tokajban, mind Miskolcon.<\/p>\n<p style=\"text-align: justify;\">A t\u00e1vlati c\u00e9l: fenntartani, tov\u00e1bb m\u0171k\u00f6dtetni, a magyar irodalom \u00e9gt\u00e1jainak otthont ad\u00f3 Tokaji \u00cdr\u00f3t\u00e1bort a t\u00e9rs\u00e9g m\u00e1s m\u0171v\u00e9szeti nagyrendezv\u00e9nyeivel \u00f6sszhangban \u00e9s hat\u00e9konyabb egy\u00fcttm\u0171k\u00f6d\u00e9ssel. A tokaji irodalmi \u00fat fokozatos kiterjeszt\u00e9s\u00e9vel pedig kapcsolatot teremteni \u00e9s \u00e1polni Szlov\u00e1kia, Lengyelorsz\u00e1g, Ukrajna \u00e9s Rom\u00e1nia hat\u00e1ros megy\u00e9ivel, ezen orsz\u00e1gok k\u00f6z\u00f6s kultur\u00e1lis, turisztikai \u00e9rdekeinek saj\u00e1tos, civil szolg\u00e1lat\u00e1val.<\/p>\n<p style=\"text-align: justify;\">\u00d6ssze\u00e1ll\u00edtotta:<br \/>\nS\u00e1ray L\u00e1szl\u00f3<\/p>\n","protected":false},"excerpt":{"rendered":"<p>A Tokaji \u00cdr\u00f3t\u00e1bor t\u00f6rt\u00e9nete A Tokaji \u00cdr\u00f3t\u00e1bor t\u00f6bb \u00e9vtizede a magyar irodalmi \u00e9let egyik legfontosabb rendezv\u00e9nye. A k\u00f6zel negyven\u00e9ves m\u00falttal rendelkez\u0151 \u00edr\u00f3t\u00e1borr\u00f3l az Irodalmi Lexikonban ez olvashat\u00f3: \u201eA Tokaji \u00cdr\u00f3t\u00e1bor 1972 \u00f3ta Tokajban megrendezett ny\u00e1ri \u00edr\u00f3tal\u00e1lkoz\u00f3. K\u00e9s\u0151bb, mint a magyar&#8230;<\/p>\n","protected":false},"author":1,"featured_media":3675,"parent":0,"menu_order":0,"comment_status":"closed","ping_status":"closed","template":"","meta":{"footnotes":""},"class_list":["post-3737","page","type-page","status-publish","has-post-thumbnail","hentry"],"_links":{"self":[{"href":"https:\/\/tokajiirotabor.hu\/irotabor_archiv\/wp-json\/wp\/v2\/pages\/3737"}],"collection":[{"href":"https:\/\/tokajiirotabor.hu\/irotabor_archiv\/wp-json\/wp\/v2\/pages"}],"about":[{"href":"https:\/\/tokajiirotabor.hu\/irotabor_archiv\/wp-json\/wp\/v2\/types\/page"}],"author":[{"embeddable":true,"href":"https:\/\/tokajiirotabor.hu\/irotabor_archiv\/wp-json\/wp\/v2\/users\/1"}],"replies":[{"embeddable":true,"href":"https:\/\/tokajiirotabor.hu\/irotabor_archiv\/wp-json\/wp\/v2\/comments?post=3737"}],"version-history":[{"count":6,"href":"https:\/\/tokajiirotabor.hu\/irotabor_archiv\/wp-json\/wp\/v2\/pages\/3737\/revisions"}],"predecessor-version":[{"id":3762,"href":"https:\/\/tokajiirotabor.hu\/irotabor_archiv\/wp-json\/wp\/v2\/pages\/3737\/revisions\/3762"}],"wp:featuredmedia":[{"embeddable":true,"href":"https:\/\/tokajiirotabor.hu\/irotabor_archiv\/wp-json\/wp\/v2\/media\/3675"}],"wp:attachment":[{"href":"https:\/\/tokajiirotabor.hu\/irotabor_archiv\/wp-json\/wp\/v2\/media?parent=3737"}],"curies":[{"name":"wp","href":"https:\/\/api.w.org\/{rel}","templated":true}]}}